e 15, what is -506050 - -3a?
-506015
In base 16, what is 43452 - 4?
4344e
In base 4, what is 2031013021 + 13?
2031013100
In base 6, what is 4 + 1220010214?
1220010222
In base 11, what is -652 - 1820?
-2372
In base 12, what is -381 + 141215?
140a54
In base 11, what is 902 + -99462?
-98660
In base 9, what is 1567 - 22380?
-20712
In base 3, what is -121002202200 - 12101111?
-121022011011
In base 8, what is -25502441 + 6?
-25502433
In base 12, what is -3 - -1a041143?
1a041140
In base 14, what is -198a - c498?
-10044
In base 14, what is 195102 - 0?
195102
In base 14, what is 197 + -139867?
-1396b0
In base 10, what is -37130674 + 30?
-37130644
In base 12, what is 271 - -1587b?
15b30
In base 10, what is 14 - 43116778?
-43116764
In base 6, what is -11412 - 222105?
-233521
In base 11, what is -223 - -139a604?
139a391
In base 11, what is 3 + -11535918?
-11535915
In base 10, what is -536138103 - -3?
-536138100
In base 12, what is 6703a40 - a?
6703a32
In base 10, what is -1526 + -259?
-1785
In base 13, what is 2 + 11cc0a78?
11cc0a7a
In base 10, what is -5 + 133304021?
133304016
In base 9, what is 0 + 104646471?
104646471
In base 5, what is -43103313 - 20?
-43103333
In base 15, what is -ab3a54 + -5?
-ab3a59
In base 12, what is -42a2326 - -2?
-42a2324
In base 9, what is 2 - 8850628?
-8850626
In base 9, what is -10543 - -10462?
-71
In base 3, what is 1002211210101 + 2?
1002211210110
In base 5, what is -102232 + 233240?
131003
In base 16, what is -9115 - 333?
-9448
In base 2, what is -10 - 10110100000110110110101111?
-10110100000110110110110001
In base 2, what is -1100110011011000111001100 + -1110?
-1100110011011000111011010
In base 5, what is -430342 + -14102?
-444444
In base 11, what is -14a025 + 8?
-14a018
In base 2, what is 110101100011100 + 11101111111?
111001010011011
In base 8, what is -2007 + 730?
-1057
In base 15, what is -2d688 - 14d2?
-2eb6a
In base 4, what is -10013101 + -130100?
-10203201
In base 6, what is -2023011114 + -2?
-2023011120
In base 9, what is -22731538 + 5?
-22731533
In base 8, what is 32140 + 70?
32230
In base 14, what is 2da48 - -1a3?
2dc0b
In base 10, what is -34052 + -909?
-34961
In base 6, what is 35245115 - 1201?
35243514
In base 3, what is -22220112222022 + -11?
-22220112222110
In base 8, what is 2313011 - -36?
2313047
In base 7, what is -203046 - -3552?
-166164
In base 13, what is 18 + 97b6247?
97b6262
In base 7, what is -16221 + 6501?
-6420
In base 11, what is 21939394 + -5?
2193938a
In base 12, what is -318 + -12600?
-12918
In base 13, what is -129a8 + 64c7?
-94b1
In base 12, what is 802 - 18339?
-17737
In base 15, what is 2 + -22c3917?
-22c3915
In base 15, what is -1601 + -1dbaa?
-202ab
In base 7, what is 35623 - 1240?
34353
In base 9, what is -443 - -202465?
202022
In base 11, what is 5 + 2796?
27a0
In base 7, what is 4616523 + 42?
4616565
In base 12, what is -20470 + 18b?
-202a1
In base 6, what is 11212 - -114524?
130140
In base 6, what is -20042 + 114313?
54231
In base 8, what is -3101321 - -5?
-3101314
In base 11, what is 37959099 + 0?
37959099
In base 6, what is 510345 + 3223?
514012
In base 3, what is 101101112202121021 + 22?
101101112202121120
In base 6, what is 5 + -244013403?
-244013354
In base 16, what is 63fa0 - 385?
63c1b
In base 14, what is -3 + -1389b34?
-1389b37
In base 13, what is -36998c84 - -2?
-36998c82
In base 9, what is -7232 + -8771?
-17113
In base 4, what is -1121210232023 + -2?
-1121210232031
In base 4, what is -33200 + -2132121?
-2231321
In base 9, what is 4576 + -613566?
-607880
In base 10, what is -1 + 1307863?
1307862
In base 7, what is 30246565014 - -4?
30246565021
In base 3, what is -221021 - -2102021202?
2101100111
In base 7, what is -206605550 - 6?
-206605556
In base 3, what is -1112 - -20022011021120?
20022011020001
In base 13, what is 92c1c + 2?
92c21
In base 13, what is -1 - -94712?
94711
In base 14, what is -5 - -bac550?
bac549
In base 10, what is -8770 + 108?
-8662
In base 14, what is -49b - -6620?
6163
In base 9, what is 1 - 318652856?
-318652855
In base 5, what is 12 - 40301240104?
-40301240042
In base 11, what is a6 - -40103?
401a9
In base 13, what is b850 + -2152?
96cb
In base 3, what is -2200011021020 + 22?
-2200011020221
In base 14, what is 16004d + 32d?
16037c
In base 12, what is 2 + b89221?
b89223
In base 6, what is 534222 + -5054?
525124
In base 10, what is 3 - 100582069?
-100582066
In base 8, what is -13 - 375651?
-375664
In base 14, what is 75 - 48d39?
-48ca4
In base 5, what is 11130111 - 241?
11124320
In base 16, what is -1 - 4363b?
-4363c
In base 7, what is -215411112 - -1?
-215411111
In base 11, what is -404578 - 5a?
-404627
In base 2, what is 10000000010111 + -101010101011?
1010101101100
In base 11, what is -307 + -67555?
-67861
In base 14, what is -677d - -1d?
-6760
In base 8, what is 301212611 - 2?
301212607
In base 14, what is 3 + 47ca45?
47ca48
In base 16, what is -52ef020 - e?
-52ef02e
In base 8, what is 1 + 20377153?
20377154
In base 9, what is 4 - -143733301?
143733305
In base 10, what is -89 - -693973?
693884
In base 14, what is 2534d - -260?
255ad
In base 14, what is a257cb - -10?
a257db
In base 5, what is -132 - -420322?
420140
In base 14, what is 6b7 + 4771?
5048
In base 8, what is 13 - 24467?
-24454
In base 14, what is -213c7c5 + 1?
-213c7c4
In base 5, what is -320 - 30341334?
-30342204
In base 16, what is -571c4 - -f2?
-570d2
In base 3, what is -1022110 + 102000102?
100200222
In base 15, what is -41c9c - -109?
-41b93
In base 4, what is -20033203021002 - 1?
-20033203021003
In base 14, what is 1035 - 19a73?
-18a3c
In base 4, what is -1 + -203323110032?
-203323110033
In base 6, what is 1032 + -1051250?
-1050214
In base 9, what is 168241237 + -2?
168241235
In base 15, what is 623beb + -25?
623bc6
In base 9, what is 342420145 + -2?
342420143
In base 9, what is -2373204 + 1?
-2373203
In base 14, what is 13175c281 - -5?
13175c286
In base 16, what is -bc9b8 - 4?
-bc9bc
In base 11, what is -a344 - 18693?
-27a27
In base 11, what is -127a9 - 1402?
-14100
In base 3, what is 0 + 2020100112021112?
2020100112021112
In base 7, what is -1355556553 + 3?
-1355556550
In base 6, what is -2544345 + 24330?
-2520015
In base 12, what is -463 + -b479?
-b920
In base 12, what is -1592a3 + 4?
-15929b
In base 5, what is 232401334 + -4?
232401330
In base 12, what is -2448 + a584?
8138
In base 14, what is 88 + 1a89?
1b33
In base 11, what is -a06a8 + 4?
-a06a4
In base 10, what is -67 + -11163580?
-11163647
In base 10, what is 122771 + -6?
122765
In base 4, what is -22003 - -110303?
22300
In base 5, what is -243203 + -21031?
-314234
In base 12, what is -1 - 3a4796?
-3a4797
In base 15, what is -4decb + 14?
-4deb7
In base 2, what is -101111 + 10111010010011111?
10111010001110000
In base 14, what is 402 + -55ab8?
-556b6
In base 11, what is 9792a411 + 5?
9792a416
In base 13, what is -1a4c135 - 2?
-1a4c137
In base 11, what is -5 - -a5955a?
a59555
In base 16, what is -376150 + a?
-376146
In base 10, what is -1 + -137705?
-137706
In base 7, what is 4 - 30046642?
-30046635
In base 6, what is -224001343 + -5?
-224001352
In base 9, what is 428 + -47615?
-47176
In base 13, what is -1b + -1437100?
-143711b
In base 11, what is 7a11 - 431?
7590
In base 6, what is 320300324 + 5?
320300333
In base 2, what is 101111011000010101101111 + 1001?
101111011000010101111000
In base 4, what is -113223300213 - 0?
-113223300213
In base 7, what is -1354261 - -4602?
-1346356
In base 3, what is 1 - -20122210211020?
20122210211021
In base 5, what is 3 + -31341232121?
-31341232113
In base 5, what is -31413 + 133041?
101123
In base 4, what is -1213122 - 10123?
-1223311
In base 12, what is -45b9 + 1252?
-3367
In base 3, what is 1211121200 - 10101222?
1201012201
In base 9, what is 376402 + 471?
376873
In base 11, what is 1a03 - 11162?
-a25a
In base 12, what is -3a85520 - 1?
-3a85521
In base 13, what is 2510a0 - -14?
2510b4
In base 8, what is 3 - 2340563636?
-2340563633
In base 16, what is 3 + 2311e4c?
2311e4f
In base 15, what is b088 - -2b1?
b349
In base 13, what is 428 - -6c9?
b24
In base 12, what is 148996b - -1?
1489970
In base 4, what is -121 + 223210?
223023
In base 2, what is 10000001001001000 + 111111101010?
10001001000110010
In base 12, what is 21 + -b144?
-b123
In base 6, what is -104142021 + -542?
-104143003
In b